s digit of 7328?
2
What is the units digit of 48741?
1
What is the units digit of 5533?
3
What is the units digit of 4244?
4
What is the thousands digit of 2351?
2
What is the hundreds digit of 954?
9
What is the thousands digit of 55527?
5
What is the thousands digit of 35301?
5
What is the hundreds digit of 37729?
7
What is the ten thousands digit of 26374?
2
What is the units digit of 473?
3
What is the hundreds digit of 121357?
3
What is the hundred thousands digit of 191737?
1
What is the tens digit of 7125?
2
What is the thousands digit of 1113?
1
What is the units digit of 666?
6
What is the units digit of 1896?
6
What is the units digit of 8663?
3
What is the tens digit of 1150?
5
What is the thousands digit of 10746?
0
What is the units digit of 11950?
0
What is the units digit of 5359?
9
What is the thousands digit of 3127?
3
What is the hundred thousands digit of 109614?
1
What is the tens digit of 29?
2
What is the tens digit of 102072?
7
What is the tens digit of 10666?
6
What is the hundreds digit of 11335?
3
What is the units digit of 36957?
7
What is the tens digit of 47?
4
What is the tens digit of 520?
2
What is the ten thousands digit of 58920?
5
What is the thousands digit of 7272?
7
What is the units digit of 3047?
7
What is the hundreds digit of 1077?
0
What is the tens digit of 682?
8
What is the ten thousands digit of 17062?
1
What is the hundreds digit of 1721?
7
What is the hundreds digit of 25782?
7
What is the tens digit of 14872?
7
What is the units digit of 8053?
3
What is the tens digit of 519?
1
What is the units digit of 2558?
8
What is the hundreds digit of 7487?
4
What is the hundreds digit of 1506?
5
What is the units digit of 19526?
6
What is the ten thousands digit of 55187?
5
What is the tens digit of 607?
0
What is the tens digit of 302?
0
What is the hundreds digit of 33059?
0
What is the units digit of 870?
0
What is the units digit of 2122?
2
What is the units digit of 1504?
4
What is the thousands digit of 5194?
5
What is the units digit of 17125?
5
What is the ten thousands digit of 23445?
2
What is the hundreds digit of 21796?
7
What is the thousands digit of 58370?
8
What is the tens digit of 555?
5
What is the tens digit of 1593?
9
What is the units digit of 33?
3
What is the hundreds digit of 682?
6
What is the tens digit of 3639?
3
What is the units digit of 8197?
7
What is the tens digit of 1262?
6
What is the units digit of 13201?
1
What is the tens digit of 18641?
4
What is the tens digit of 3034?
3
What is the units digit of 146587?
7
What is the units digit of 3365?
5
What is the hundreds digit of 1396?
3
What is the ten thousands digit of 110895?
1
What is the units digit of 2002?
2
What is the tens digit of 854?
5
What is the thousands digit of 2096?
2
What is the ten thousands digit of 21265?
2
What is the tens digit of 615?
1
What is the hundreds digit of 82956?
9
What is the tens digit of 23666?
6
What is the units digit of 4826?
6
What is the units digit of 2770?
0
What is the units digit of 3747?
7
What is the thousands digit of 12880?
2
What is the tens digit of 59838?
3
What is the thousands digit of 1022?
1
What is the units digit of 2273?
3
What is the tens digit of 888?
8
What is the units digit of 38036?
6
What is the tens digit of 5959?
5
What is the tens digit of 2062?
6
What is the units digit of 6434?
4
What is the thousands digit of 77539?
7
What is the ten thousands digit of 132207?
3
What is the tens digit of 1644?
4
What is the units digit of 10135?
5
What is the hundreds digit of 9505?
5
What is the tens digit of 3219?
1
What is the units digit of 1506?
6
What is the units digit of 20?
0
What is the hundreds digit of 18624?
6
What is the tens digit of 6136?
3
What is the units digit of 405?
5
What is the tens digit of 1032?
3
What is the units digit of 74045?
5
What is the units digit of 1707?
7
What is the tens digit of 5617?
1
What is the hundreds digit of 820?
8
What is the hundreds digit of 25092?
0
What is the hundreds digit of 534?
5
What is the units digit of 1182?
2
What is the tens digit of 27306?
0
What is the thousands digit of 1773?
1
What is the thousands digit of 57548?
7
What is the hundreds digit of 5564?
5
What is the hundreds digit of 1488?
4
What is the units digit of 594?
4
What is the hundreds digit of 1232?
2
What is the ten thousands digit of 35623?
3
What is the hundreds digit of 4573?
5
What is the units digit of 434?
4
What is the hundreds digit of 803?
8
What is the hundreds digit of 113787?
7
What is the hundreds digit of 3432?
4
What is the hundreds digit of 6685?
6
What is the hundreds digit of 644?
6
What is the ten thousands digit of 41517?
4
What is the tens digit of 2026?
2
What is the tens digit of 2962?
6
What is the tens digit of 1322?
2
What is the tens digit of 1023?
2
What is the thousands digit of 5218?
5
What is the tens digit of 1025?
2
What is the thousands digit of 46741?
6
What is the thousands digit of 3970?
3
What is the units digit of 13110?
0
What is the units digit of 6764?
4
What is the tens digit of 921?
2
What is the ten thousands digit of 13094?
1
What is the hundreds digit of 27724?
7
What is the units digit of 385?
5
What is the tens digit of 1760?
6
What is the tens digit of 1938?
3
What is the hundreds digit of 14126?
1
What is the hundreds digit of 962?
9
What is the thousands digit of 9325?
9
What is the hundreds digit of 45996?
9
What is the tens digit of 28873?
7
What is the tens digit of 6454?
5
What is the hundreds digit of 2156?
1
What is the thousands digit of 1176?
1
What is the hundred thousands digit of 100771?
1
What is the units digit of 38654?
4
What is the hundreds digit of 84513?
5
What is the thousands digit of 3005?
3
What is the tens digit of 1969?
6
What is the hundreds digit of 15778?
7
What is the thousands digit of 2098?
2
What is the hundreds digit of 15572?
5
What is the tens digit of 4260?
6
What is the tens digit of 563?
6
What is the hundreds digit of 2055?
0
What is the hundreds digit of 52900?
9
What is the units digit of 6629?
9
What is the units digit of 1736?
6
What is the thousands digit of 21483?
1
What is the units digit of 12277?
7
What is the ten thousands digit of 30295?
3
What is the thousands digit of 3892?
3
What is the hundreds digit of 2687?
6
What is the thousands digit of 11434?
1
What is the thousands digit of 6513?
6
What is the units digit of 47588?
8
What is the units digit of 580?
0
What is the tens digit of 6654?
5
What is the tens digit of 69183?
8
What is the tens digit of 24?
2
What is the thousands digit of 2527?
2
What is the tens digit of 1804?
0
What is the hundreds digit of 674?
6
What is the thousands digit of 19819?
9
What is the units digit of 9634?
4
What is the hundreds digit of 133?
1
What is the hundreds digit of 27871?
8
What is the tens digit of 3302?
0
What is the units digit of 17689?
9
What is the tens digit of 54?
5
What is the tens digit of 104746?
4
What is the units digit of 6047?
7
What is the ten thousands digit of 12124?
1
What is the hundreds digit of 5749?
7
What is the thousands digit of 3100?
3
What is the tens digit of 980?
8
What is the thousands digit of 43178?
3
What is the ten thousands digit of 14453?
1
What is the hundreds digit of 613?
6
What is the units digit of 761?
1
What is the units digit of 769?
9
What is the ten thousands digit of 13796?
1
What is the thousands digit of 148092?
8
What is the hundreds digit of 6545?
5
What is the tens digit of 1206?
0
What is the hundreds digit of 9868?
8
What is the hundreds digit of 13291?
2
What is the thousands digit of 9313?
9
What is the thousands digit of 135846?
5
What is the hundreds digit of 37298?
2
What is the units digit of 65718?
8
What is the thousands digit of 3444?
3
What is the units digit of 18568?
8
What is the units digit of 551?
1
What is the tens digit of 1021?
2
What is the tens digit of 13882?
8
What is the tens digit of 28508?
0
What is the ten thousands digit of 12581?
1
What is the hundreds digit of 5652?
6
What is the thousands digit of 5259?
5
What is the ten thousands digit of 29868?
2
What is the ten thousands digit of 18691?
1
What is the thousands digit of 39618?
9
What is the units digit of 6996?
6
What is the hundreds digit of 321?
3
What i